
Does 19 divide 255265?
True
Is 18 a factor of 105051?
False
Is 735 a factor of 1522920?
True
Is 926 a factor of 1883484?
True
Is 157 a factor of 143168?
False
Is 389450 a multiple of 91?
False
Does 39 divide 140478?
True
Does 98 divide 47628?
True
Is 2165 a factor of 4098660?
False
Does 58 divide 41296?
True
Does 23 divide 2759705?
False
Is 23858 a multiple of 158?
True
Is 1514913 a multiple of 45?
False
Is 6927442 a multiple of 115?
False
Is 258048 a multiple of 12?
True
Does 42 divide 13269984?
True
Is 269684 a multiple of 10?
False
Does 158 divide 239212?
True
Is 60 a factor of 340439?
False
Is 747950 a multiple of 22?
False
Does 19 divide 994650?
True
Is 1133 a factor of 29327705?
True
Is 183432 a multiple of 180?
False
Does 14 divide 109876?
False
Does 365 divide 4719205?
False
Does 1684 divide 2978996?
True
Is 4485 even?
False
Is 185 a factor of 184815?
True
Is 1822163 a multiple of 41?
True
Does 71 divide 728247?
True
Does 5 divide 130208?
False
Is 60299 even?
False
Does 30 divide 1435290?
True
Is 129467 a multiple of 11?
False
Does 27 divide 97460?
False
Does 19 divide 57969?
True
Is 172067 a multiple of 7?
True
Does 4 divide 41564?
True
Does 753 divide 14809915?
False
Is 491 a factor of 1510316?
True
Is 62170 a multiple of 14?
False
Is 254 a factor of 286258?
True
Is 46 a factor of 724952?
False
Is 48 a factor of 2397638?
False
Does 5 divide 211705?
True
Is 336 a factor of 57792?
True
Is 74 a factor of 1546587?
False
Is 9456776 a multiple of 658?
True
Does 26 divide 12657684?
True
Is 202 a factor of 557318?
True
Is 20 a factor of 8157?
False
Is 3114768 a multiple of 16?
True
Is 2184 a factor of 12280632?
True
Is 135 a factor of 3904335?
True
Does 524 divide 254607?
False
Is 113019 a multiple of 30?
False
Does 201 divide 13467?
True
Is 3 a factor of 736154?
False
Is 3981396 a multiple of 12?
True
Is 33 a factor of 507639?
True
Is 219989 a multiple of 16?
False
Is 754 a factor of 603200?
True
Does 57 divide 97257?
False
Is 6220460 a multiple of 10?
True
Does 12 divide 535068?
True
Does 13 divide 1788170?
False
Is 59 a factor of 70935?
False
Does 149 divide 300896?
False
Is 1382780 a multiple of 16?
False
Does 98 divide 283220?
True
Does 85 divide 3529635?
False
Does 71 divide 85768?
True
Is 17094 a multiple of 14?
True
Does 12 divide 6202360?
False
Is 345 a factor of 504045?
True
Is 1145 a factor of 6670770?
True
Does 143 divide 454168?
True
Does 537 divide 581402?
False
Is 4888767 a multiple of 1462?
False
Does 27 divide 232474?
False
Is 59 a factor of 7071386?
True
Does 11 divide 3050614?
False
Is 724768 a multiple of 100?
False
Is 22 a factor of 412532?
False
Does 37 divide 156750?
False
Does 254 divide 348742?
True
Does 146 divide 6847108?
True
Is 109 a factor of 8090060?
False
Is 7672430 a multiple of 484?
False
Is 81087 a multiple of 453?
True
Is 249 a factor of 6561151?
False
Is 12050621 a multiple of 11?
True
Is 509 a factor of 10898199?
True
Does 62 divide 7340935?
False
Does 18 divide 6997848?
False
Is 9 a factor of 133706?
False
Is 587 a factor of 1504617?
False
Is 8 a factor of 4071184?
True
Does 781 divide 1331638?
False
Is 2 a factor of 5693?
False
Is 75654 a multiple of 9?
True
Is 321 a factor of 914208?
True
Is 2722369 a multiple of 8?
False
Is 33 a factor of 1528667?
False
Does 68 divide 1861522?
False
Does 74 divide 538202?
True
Does 30 divide 686287?
False
Is 114 a factor of 105698?
False
Is 726 a factor of 3998808?
True
Is 295 a factor of 1627883?
False
Is 28 a factor of 157865?
False
Is 3317235 a multiple of 37?
True
Is 947969 a multiple of 10?
False
Is 636 a factor of 5649461?
False
Is 249 a factor of 155127?
True
Does 7 divide 194476?
False
Is 16 a factor of 9327344?
True
Is 15 a factor of 674103?
False
Is 12 a factor of 123660?
True
Does 9 divide 19515?
False
Does 14 divide 901798?
False
Is 12284839 a multiple of 1049?
True
Does 9 divide 4057478?
False
Is 2682785 a multiple of 146?
False
Is 2 a factor of 125912?
True
Is 13 a factor of 1253031?
True
Is 4669897 a multiple of 46?
False
Is 143850 a multiple of 137?
True
Does 51 divide 266577?
True
Is 69015 a multiple of 4?
False
Does 82 divide 44690?
True
Does 283 divide 2485306?
True
Is 705309 a multiple of 51?
False
Does 44 divide 134347?
False
Does 253 divide 324335?
False
Is 168487 a multiple of 18?
False
Does 163 divide 30069425?
True
Does 38 divide 29108?
True
Does 134 divide 581694?
True
Does 71 divide 212077?
True
Is 170 a factor of 14255080?
False
Is 503708 a multiple of 1070?
False
Is 2133918 a multiple of 68?
False
Does 519 divide 792105?
False
Is 74 a factor of 2117806?
True
Is 2949272 a multiple of 25?
False
Is 3287554 a multiple of 187?
False
Does 6 divide 938310?
True
Does 67 divide 1212365?
True
Is 919 a factor of 3902891?
False
Is 91 a factor of 1562652?
True
Is 4099161 a multiple of 535?
False
Is 881444 a multiple of 7?
False
Does 27 divide 236270?
False
Is 99 a factor of 4219776?
True
Is 88 a factor of 194480?
True
Does 95 divide 5023856?
False
Is 1342231 a multiple of 21?
False
Is 1286475 a multiple of 25?
True
Is 783 a factor of 1347543?
True
Is 564736 a multiple of 16?
True
Does 7 divide 41160?
True
Is 418 a factor of 644441?
False
Does 69 divide 367425?
True
Is 2619438 a multiple of 62?
True
Does 65 divide 629915?
True
Does 12 divide 1963?
False
Is 157557 a multiple of 68?
False
Is 45 a factor of 12633917?
False
Is 1577445 a multiple of 23?
False
Is 487904 a multiple of 280?
False
Does 28 divide 575820?
True
Is 149570 a multiple of 10?
True
Does 81 divide 275400?
True
Does 39 divide 2151162?
True
Is 104 a factor of 334464?
True
Is 19176 a multiple of 188?
True
Is 1252017 a multiple of 9?
True
Is 1228952 a multiple of 298?
True
Does 98 divide 51646?
True
Does 177 divide 1319832?
False
Is 115349 a multiple of 19?
True
Is 459 a factor of 252172?
False
Is 11 a factor of 2016963?
False
Does 11 divide 350398?
False
Does 105 divide 179373?
False
Does 241 divide 798915?
True
Does 33 divide 3394453?
False
Is 2 a factor of 87015?
False
Does 6 divide 190572?
True
Is 6264951 a multiple of 21?
True
Is 1520996 a multiple of 39?
False
Does 3 divide 1179880?
False
Does 80 divide 134000?
True
Is 13 a factor of 771028?
False
Is 342 a factor of 5558868?
True
Is 479 a factor of 113774?
False
Is 711 a factor of 2091051?
True
Is 2079067 a multiple of 931?
False
Is 101 a factor of 3804872?
True
Is 14 a factor of 103852?
True
Is 13 a factor of 6327334?
True
Does 2 divide 1580?
True
Is 672 a factor of 5394144?
True
Is 734712 a multiple of 138?
True
Does 218 divide 10511050?
False
Is 114 a factor of 514597?
False
Is 21712 a multiple of 92?
True
Is 18 a factor of 200401?
False
Does 437 divide 3224360?
False
Is 78587 a multiple of 8?
False
Does 12 divide 179244?
True
Is 11 a factor of 31532?
False
Is 384576 a multiple of 9?
False
Is 144 a factor of 503424?
True
Does 16 divide 1663874?
False
Does 20 divide 982340?
True
Does 4 divide 1836?
True
Is 145579 a multiple of 7?
True
Is 532440 a multiple of 11?
False
Is 1382 a factor of 617754?
True
Is 86917 a multiple of 173?
False
Does 47 divide 49986?
False
Does 578 divide 5143682?
False
Is 543569 a multiple of 376?
False
Does 25 divide 301279?
False
Is 590 a factor of 27883540?
False
Is 490 a factor of 3002720?
True
Does 58 divide 911538?
False
Does 616 divide 534688?
True
Is 12466944 a multiple of 16?
True
Is 333 a factor of 119126?
False
Does 17 divide 1865444?
True
Is 2492723 a multiple of 514?
False
Does 10 divide 84596?
False
Is 102 a factor of 77316?
True
Does 20 divide 186410?
False
Is 104792 a multiple of 33?
False
Does 54 divide 20898?
True
Does 260 divide 198367?
False
Does 11 divide 3382531?
False
Is 168 a factor of 73597?
False
Is 151333 even?
False
Does 8 divide 114616?
True
Is 1351728 a multiple of 378?
True
Is 33 a factor of 6559849?
False
Is 12 a factor of 156491?
False
Does 8 divide 35120?
True
Is 3 a factor of 190284?
True
Is 123080 a multiple of 24?
False
Is 145096 a multiple of 38?
False
Does 447 divide 102810?
True
Does 13 divide 1366950?
True
Is 290339 a multiple of 609?
False
Does 168 divide 2567040?
True
Does 381 divide 1701927?
True
Is 180 a factor of 1235565?
False
Does 16 divide 225329?
False
Is 45 a factor of 545012?
False
Is 42 a factor of 7775109?
False
Is 8 a factor of 2521361?
False
Is 202 